{"id":223,"date":"2016-12-28T20:33:00","date_gmt":"2016-12-28T20:33:00","guid":{"rendered":"http:\/\/www.gec-denk.de\/?page_id=223"},"modified":"2016-12-29T18:31:03","modified_gmt":"2016-12-29T18:31:03","slug":"leben-lieben-lachen","status":"publish","type":"page","link":"https:\/\/gec-denk.de\/?page_id=223","title":{"rendered":"Leben &#8211; Lieben &#8211; Lachen"},"content":{"rendered":"<p>&#8230; das ist unser Motto. Am Sch\u00f6nsten finden wir, Zeit f\u00fcr die Familie und f\u00fcr unsere Freunde zu haben. Sich besuchen und gemeinsam reden oder etwas unternehmen sind unsere &#8222;LebensMittel&#8220;.<\/p>\n<p>Hier geht es zu unseren <a href=\"https:\/\/gec-denk.de\/?page_id=117\">Reiseabenteuern<\/a>, <a href=\"https:\/\/gec-denk.de\/?page_id=38\">Fotos<\/a>, <a href=\"https:\/\/gec-denk.de\/?page_id=33\">Lieblingsrezepten<\/a> und <a href=\"https:\/\/gec-denk.de\/?page_id=36\">Hobbys<\/a>.<\/p>\n<p>Und hier geht es zu unseren <a href=\"https:\/\/gec-denk.de\/?page_id=226\">Tr\u00e4umen und Pl\u00e4nen<\/a>.<\/p>\n<p><a href=\"https:\/\/gec-denk.de\/?page_id=216\">Schreib uns mal<\/a>, wenn du uns kennst oder kennenlernen willst.<\/p>\n<p><img loading=\"lazy\" decoding=\"async\" src=\"https:\/\/gec-denk.de\/wp-content\/uploads\/2016\/12\/2011-Toronto-im-Pool-2.jpg\" alt=\"\" width=\"1200\" height=\"303\" class=\"alignnone size-full wp-image-205\" srcset=\"https:\/\/gec-denk.de\/wp-content\/uploads\/2016\/12\/2011-Toronto-im-Pool-2.jpg 1200w, https:\/\/gec-denk.de\/wp-content\/uploads\/2016\/12\/2011-Toronto-im-Pool-2-300x76.jpg 300w, https:\/\/gec-denk.de\/wp-content\/uploads\/2016\/12\/2011-Toronto-im-Pool-2-768x194.jpg 768w, https:\/\/gec-denk.de\/wp-content\/uploads\/2016\/12\/2011-Toronto-im-Pool-2-1024x259.jpg 1024w\" sizes=\"auto, (max-width: 1200px) 100vw, 1200px\" \/><br \/>\nIn Andreas&#8217;s &#038; Martina&#8217;s Pool war&#8217;s cool.<\/p>\n","protected":false},"excerpt":{"rendered":"<p>&#8230; das ist unser Motto. Am Sch\u00f6nsten finden wir, Zeit <a class=\"more-link\" href=\"https:\/\/gec-denk.de\/?page_id=223\">Weiterlesen\u00a0\u2026<\/a><\/p>\n","protected":false},"author":5,"featured_media":252,"parent":0,"menu_order":0,"comment_status":"closed","ping_status":"closed","template":"","meta":{"footnotes":""},"class_list":["post-223","page","type-page","status-publish","has-post-thumbnail","hentry"],"_links":{"self":[{"href":"https:\/\/gec-denk.de\/index.php?rest_route=\/wp\/v2\/pages\/223","targetHints":{"allow":["GET"]}}],"collection":[{"href":"https:\/\/gec-denk.de\/index.php?rest_route=\/wp\/v2\/pages"}],"about":[{"href":"https:\/\/gec-denk.de\/index.php?rest_route=\/wp\/v2\/types\/page"}],"author":[{"embeddable":true,"href":"https:\/\/gec-denk.de\/index.php?rest_route=\/wp\/v2\/users\/5"}],"replies":[{"embeddable":true,"href":"https:\/\/gec-denk.de\/index.php?rest_route=%2Fwp%2Fv2%2Fcomments&post=223"}],"version-history":[{"count":0,"href":"https:\/\/gec-denk.de\/index.php?rest_route=\/wp\/v2\/pages\/223\/revisions"}],"wp:featuredmedia":[{"embeddable":true,"href":"https:\/\/gec-denk.de\/index.php?rest_route=\/wp\/v2\/media\/252"}],"wp:attachment":[{"href":"https:\/\/gec-denk.de\/index.php?rest_route=%2Fwp%2Fv2%2Fmedia&parent=223"}],"curies":[{"name":"wp","href":"https:\/\/api.w.org\/{rel}","templated":true}]}}